55. Let o be -1 - 565/(-20) - k/8. Suppose -3*h + 241 = c - 2*c, 2*h + c = 164. Calculate the highest common divisor of o and h.
27
Suppose 4*q = 2*u, -5*u - 3 + 17 = -3*q. Let m be (13/u)/(3/(-132)). Let r be 1/2*(7 - m). What is the highest common divisor of r and 25?
25
Let n(k) = 1369*k - 4053. Let t be n(3). Calculate the highest common factor of 37314 and t.
54
Let w = 46 - 14. Let d be (-11 - (-765)/(-75))/(5/(-200)). What is the highest common divisor of w and d?
16
Let r be 84 - (-51)/34*4. Calculate the greatest common divisor of r and 12870.
90
Suppose 152*q + 231987 - 1159171 = -15*q. Calculate the greatest common divisor of q and 16.
16
Let b = 53 - -12. Suppose -3*i + b + 1 = 4*n, 4*n = 0. Calculate the greatest common factor of 66 and i.
22
Suppose -6*m = -151 - 797. Let q = -122 + m. Calculate the highest common factor of 27 and q.
9
Let n = -268 + 1059. Suppose -c + 1061 - 268 = 4*t, -4*t + c = -n. Calculate the greatest common factor of t and 22.
22
Let y = -678 + 1228. What is the greatest common factor of 132 and y?
22
Let b(o) = -o**2 + o + 17. Let s be b(3). Suppose 1430 = -s*g + 33*g. Calculate the highest common factor of 247 and g.
13
Suppose -5808*l + 5779*l + 1131 = 0. Let o = 222 + -157. Calculate the highest common factor of o and l.
13
Let v = 32 - -27. Let t = 84 - v. Calculate the highest common divisor of t and 125.
25
Let a(n) be the third derivative of 1/60*n**5 - 2*n**3 - 26*n**2 + 0 + 0*n + 1/12*n**4. Let r be a(-6). What is the greatest common factor of r and 18?
6
Let p(y) = 5*y + 3. Let f be p(0). Suppose 2*w + w - f*l - 126 = 0, 3*w - 116 = l. Calculate the greatest common factor of 259 and w.
37
Let y = 235 + -187. Let s = -42 + 114. Suppose s = -4*d + 7*d. What is the highest common divisor of d and y?
24
Let b be (218 - 170)*(38/4 - 1). Calculate the highest common divisor of 425 and b.
17
Let t = 4943 + -4404. What is the highest common factor of t and 924?
77
Suppose -111 = -2*t - 3*b + 647, 4*t = 3*b + 1552. Calculate the highest common factor of t and 1015.
35
Let n = 35254 + -35101. Calculate the highest common factor of 34 and n.
17
Suppose 298*r = 297*r + 35. What is the highest common divisor of 10465 and r?
35
Suppose 39 = 3*v + 12. Suppose 5 = i - v. Suppose 5*u + 20 = 0, r + 7*u = 9*u + 120. What is the highest common divisor of r and i?
14
Let q be 2/(-8) + (-13)/(-52). Suppose q = -13*g - 13 + 52. What is the greatest common divisor of g and 54?
3
Suppose -42*x = -42*x - 8*x + 1664. What is the highest common divisor of 352 and x?
16
Let l be 1 + (-1410)/(-105) - 24/(-42). Calculate the greatest common factor of l and 725.
5
Let r = -948 - -1523. Let u = r - 563. What is the greatest common divisor of 68 and u?
4
Suppose 24*a + 3*a - 6615 = 0. Let n = -236 + a. Calculate the greatest common divisor of 477 and n.
9
Let i(y) = -5*y - 41 + 6 - 4*y**2 + 18*y + 3*y**2. Let t be i(7). What is the greatest common divisor of 1 and t?
1
Suppose -3*w = 4*v - 188, 7*w - 5*v - 290 = 2*w. Suppose -2928*h + 2950*h = 396. What is the greatest common divisor of h and w?
6
Let v be (63/14)/(-3*(-5)/1800). Let q = -496 + v. Suppose h - 75 = 4*r, 3*h - 190 = 3*r + 2*r. What is the greatest common divisor of h and q?
11
Suppose 4*h + 8 + 0 = 0, -126 = -4*p - 5*h. Suppose p*l - 660 = 24*l. What is the highest common divisor of l and 132?
66
Let x(i) be the second derivative of -i**5/20 - 5*i**4/4 + 13*i**3/6 - i**2 + i + 3. Let a be x(-16). What is the greatest common divisor of a and 115?
23
Suppose 5*g + 2*c = 24, 5*g + c = 6 + 16. Let t(h) = -2 + 6*h**2 + h**3 - 2*h**3 + h - 2. Let w be t(g). Calculate the greatest common divisor of w and 8.
8
Suppose -1 = -4*f + 11. Let v be f + 7/(-2) + (-49)/(-2). Suppose 36 = 3*q - v. What is the greatest common divisor of 10 and q?
10
Suppose -9*a - 22*a = 32*a - 5040. Calculate the greatest common factor of 3056 and a.
16
Suppose 5*u = -2*n + 5922, 2*n - 20*u + 18*u = 5922. What is the greatest common divisor of 42 and n?
21
Let h = -4628 - -4679. Calculate the greatest common factor of 18819 and h.
51
Let n = 50 - 50. Suppose n = -3*w + 7 + 14. Let b be (-3 + w)/2*18. Calculate the greatest common factor of b and 288.
36
Suppose -1230 = -14*c + 9*c - 6*v, 25 = 5*v. What is the highest common factor of c and 4920?
120
Suppose 0 = 2*v - 2*f + 70, 135 = -5*v - 0*v - 5*f. Let l = v - -33. Suppose 0 = 4*g - 6 + l, 3*g + 19 = s. Calculate the greatest common divisor of 11 and s.
11
Suppose -38 = -47*k + 150. Let u be (-5)/(((-30)/24)/(1/k)). Calculate the highest common divisor of u and 53.
1
Let d(k) = -6*k - 9*k - 12892 + 13148. Let w be d(0). Calculate the highest common factor of w and 8.
8
Let w(v) = 8*v**3 + 3*v**2 - 3*v + 4. Let j be w(2). Suppose 75*m - j*m = 0. Suppose 2*g + 10 - 28 = m. Calculate the greatest common divisor of g and 72.
9
Let c(d) be the third derivative of d**5/60 + d**4 + 41*d**3/6 + 2*d**2 + 27. Let k be c(-23). What is the highest common factor of k and 27?
9
Let s = 18098 + -17877. What is the highest common divisor of 3159 and s?
13
Let m = 795 + -802. Suppose -b = 2*a - 2*b - 36, 2*a = -4*b + 56. Let k = a + m. What is the greatest common divisor of k and 91?
13
Let c = -377 - -380. Suppose -c*m + 22 = 4*r, 2*m = 2*r + 3 + 7. What is the greatest common divisor of m and 66?
6
Suppose -4*s - 2646 = -3*r, r = -r + 2*s + 1764. Suppose 158*g = 165*g - r. Calculate the highest common factor of 14 and g.
14
Suppose -3*v - 27 = -4*s, 2*v = 2*s - 14 + 2. Suppose -5 = -r - s. Let b be 45*((r - -7) + -2). What is the highest common divisor of 27 and b?
9
Let p = -293 + 469. Let v = -161 + p. Calculate the greatest common divisor of 120 and v.
15
Suppose -558*g = -560*g + 886. Let n = 461 - g. Suppose 5*l = 2*l + 18. What is the greatest common factor of l and n?
6
Suppose 21*g = 26188 - 4663. What is the greatest common divisor of 250 and g?
25
Let i = 7172 + -7022. What is the greatest common factor of i and 1680?
30
Let q be -2 + -1 - (-6 - -5). Let v(a) = -2*a**3 + a**2 - a - 3. Let k be v(q). Let l be (-5)/((-60)/1156) - 8/6. What is the highest common factor of k and l?
19
Suppose -7*d - 88 = -9*d. Suppose 18*j = 14*j + d. Suppose -150 = -14*a + j*a. What is the greatest common factor of a and 10?
10
Suppose -28*h + 3806 = -2914. Let x(l) = -6*l + 1. Let o be x(7). Let r = o + 71. What is the highest common factor of h and r?
30
Let z(s) = -4*s**2 + 12*s - 54. Let g(o) = -3*o**2 + 11*o - 55. Let j(n) = -5*g(n) + 4*z(n). Let x be j(-9). Calculate the highest common divisor of x and 287.
41
Let l = -37267 + 37289. Suppose 0 = -5*i + 3*t + 1204, -4*i + 3*t + 964 = t. Calculate the highest common factor of i and l.
22
Suppose 5*p + 16 - 151 = 0. Suppose -3*f = 3*w - 66, -4*f - 727*w + 729*w + 118 = 0. What is the greatest common factor of f and p?
27
Let t be (-16)/(-10)*(6 + (-741)/6). Let o = t + 218. What is the greatest common factor of o and 90?
30
Let j = 1288 + -1185. What is the highest common factor of j and 412?
103
Let r(d) = -9*d**2 + 92*d + 46. Let i be r(10). Calculate the greatest common factor of 258 and i.
6
Suppose 5*q = 4*w + 40, -6*q = -3*q - 4*w - 32. Let u = 4 - -6. Suppose o - 3 = -2*d, o + u = d + q. Calculate the highest common divisor of 4 and d.
1
Let w(a) = a**2 + 15*a + 28. Let j(x) = -5*x + 7. Let r be j(4). Let z be w(r). Suppose z*u - 22 = -2. Calculate the highest common factor of 30 and u.
10
Let z(w) = w**2 - 5*w - 3. Let d be z(6). Suppose -98*x + 1548 = -94*x. Let n = 402 - x. What is the highest common divisor of d and n?
3
Suppose 5191 = 5*n - 179. What is the greatest common divisor of 1253 and n?
179
Let z = 14 - -3. Let g(q) = -70*q + 35. Let r be g(-8). Suppose 4*i - r = -3*i. What is the highest common factor of z and i?
17
Suppose -3*f + 15 = -6*f, 3*m - 134 = -5*f. What is the highest common factor of 7261 and m?
53
Let l(m) = m**3 + 12*m**2 + 10*m - 27. Let f be l(-9). Let y = 135 - f. What is the greatest common divisor of 9 and y?
9
Let m be 32/(-112) + 2 + (-8026)/(-14). Calculate the highest common factor of m and 550.
25
Suppose 3*c = -4*q + 59, -4*q - 4*c + 36 + 16 = 0. Let y(x) = 4*x**2 + x - 8. Let z be y(4). What is the greatest common divisor of z and q?
20
Let d = -111 - -184. Let q =